{"id":4034,"date":"2025-11-23T16:45:07","date_gmt":"2025-11-23T21:45:07","guid":{"rendered":"https:\/\/www.transfiriendo.com\/?page_id=4034"},"modified":"2025-12-04T14:44:48","modified_gmt":"2025-12-04T19:44:48","slug":"transformacion-digital-del-sector-salud","status":"publish","type":"page","link":"https:\/\/www.transfiriendo.com\/index.php\/transformacion-digital-del-sector-salud\/","title":{"rendered":"Transformaci\u00f3n Digital"},"content":{"rendered":"\t\t<div data-elementor-type=\"wp-page\" data-elementor-id=\"4034\" class=\"elementor elementor-4034\" data-elementor-post-type=\"page\">\n\t\t\t\t<div class=\"elementor-element elementor-element-e03d553 e-flex e-con-boxed e-con e-parent\" data-id=\"e03d553\" data-element_type=\"container\">\n\t\t\t\t\t<div class=\"e-con-inner\">\n\t\t\t\t\t<\/div>\n\t\t\t\t<\/div>\n\t\t<div class=\"elementor-element elementor-element-d211506 elementor-hidden-desktop e-flex e-con-boxed e-con e-parent\" data-id=\"d211506\" data-element_type=\"container\">\n\t\t\t\t\t<div class=\"e-con-inner\">\n\t\t<div class=\"elementor-element elementor-element-4ae6c0a e-con-full e-flex e-con e-child\" data-id=\"4ae6c0a\" data-element_type=\"container\">\n\t\t\t\t<div class=\"elementor-element elementor-element-c727ec6 elementor-widget elementor-widget-image\" data-id=\"c727ec6\" data-element_type=\"widget\" data-widget_type=\"image.default\">\n\t\t\t\t\t\t\t\t\t\t\t\t\t\t\t<img loading=\"lazy\" decoding=\"async\" width=\"698\" height=\"260\" src=\"https:\/\/www.transfiriendo.com\/wp-content\/uploads\/2025\/11\/image-16.png\" class=\"attachment-large size-large wp-image-3963\" alt=\"\" srcset=\"https:\/\/www.transfiriendo.com\/wp-content\/uploads\/2025\/11\/image-16.png 698w, https:\/\/www.transfiriendo.com\/wp-content\/uploads\/2025\/11\/image-16-300x112.png 300w\" sizes=\"auto, (max-width: 698px) 100vw, 698px\" \/>\t\t\t\t\t\t\t\t\t\t\t\t\t\t\t<\/div>\n\t\t<div class=\"elementor-element elementor-element-9f5d21f e-con-full e-flex e-con e-child\" data-id=\"9f5d21f\" data-element_type=\"container\" data-settings=\"{&quot;background_background&quot;:&quot;classic&quot;}\">\n\t\t\t\t<div class=\"elementor-element elementor-element-519f736 elementor-widget__width-initial elementor-widget elementor-widget-text-editor\" data-id=\"519f736\" data-element_type=\"widget\" data-widget_type=\"text-editor.default\">\n\t\t\t\t\t\t\t\t\t<p>Transformaci\u00f3n Digital del Sector Salud<\/p>\t\t\t\t\t\t\t\t<\/div>\n\t\t\t\t<\/div>\n\t\t\t\t<\/div>\n\t\t\t\t\t<\/div>\n\t\t\t\t<\/div>\n\t\t<div class=\"elementor-element elementor-element-69e1ce44 elementor-hidden-mobile e-flex e-con-boxed e-con e-parent\" data-id=\"69e1ce44\" data-element_type=\"container\">\n\t\t\t\t\t<div class=\"e-con-inner\">\n\t\t<div class=\"elementor-element elementor-element-1de7d8cc e-con-full e-flex e-con e-child\" data-id=\"1de7d8cc\" data-element_type=\"container\" data-settings=\"{&quot;background_background&quot;:&quot;classic&quot;}\">\n\t\t\t\t<div class=\"elementor-element elementor-element-7ec6bd99 elementor-widget__width-initial elementor-widget elementor-widget-text-editor\" data-id=\"7ec6bd99\" data-element_type=\"widget\" data-widget_type=\"text-editor.default\">\n\t\t\t\t\t\t\t\t\t<p>Transformaci\u00f3n Digital del Sector Salud<\/p>\t\t\t\t\t\t\t\t<\/div>\n\t\t\t\t<\/div>\n\t\t<div class=\"elementor-element elementor-element-26f280e7 e-con-full e-flex e-con e-child\" data-id=\"26f280e7\" data-element_type=\"container\">\n\t\t\t\t<div class=\"elementor-element elementor-element-4bea71d9 elementor-widget elementor-widget-image\" data-id=\"4bea71d9\" data-element_type=\"widget\" data-widget_type=\"image.default\">\n\t\t\t\t\t\t\t\t\t\t\t\t\t\t\t<img loading=\"lazy\" decoding=\"async\" width=\"698\" height=\"260\" src=\"https:\/\/www.transfiriendo.com\/wp-content\/uploads\/2025\/11\/image-16.png\" class=\"attachment-large size-large wp-image-3963\" alt=\"\" srcset=\"https:\/\/www.transfiriendo.com\/wp-content\/uploads\/2025\/11\/image-16.png 698w, https:\/\/www.transfiriendo.com\/wp-content\/uploads\/2025\/11\/image-16-300x112.png 300w\" sizes=\"auto, (max-width: 698px) 100vw, 698px\" \/>\t\t\t\t\t\t\t\t\t\t\t\t\t\t\t<\/div>\n\t\t\t\t<\/div>\n\t\t\t\t\t<\/div>\n\t\t\t\t<\/div>\n\t\t<div class=\"elementor-element elementor-element-5442ac2d e-flex e-con-boxed e-con e-parent\" data-id=\"5442ac2d\" data-element_type=\"container\">\n\t\t\t\t\t<div class=\"e-con-inner\">\n\t\t\t\t<div class=\"elementor-element elementor-element-3b9f6cdd elementor-widget__width-initial elementor-widget elementor-widget-text-editor\" data-id=\"3b9f6cdd\" data-element_type=\"widget\" data-widget_type=\"text-editor.default\">\n\t\t\t\t\t\t\t\t\t<p>El sector salud se encuentra en un momento de transici\u00f3n donde la tecnolog\u00eda es la responsable en generar grandes cambios y las personas involucradas deben participar en esta transformaci\u00f3n digital.\u00a0<\/p>\t\t\t\t\t\t\t\t<\/div>\n\t\t\t\t\t<\/div>\n\t\t\t\t<\/div>\n\t\t<div class=\"elementor-element elementor-element-3a249cce e-flex e-con-boxed e-con e-parent\" data-id=\"3a249cce\" data-element_type=\"container\">\n\t\t\t\t\t<div class=\"e-con-inner\">\n\t\t\t\t<div class=\"elementor-element elementor-element-40ca087d elementor-widget elementor-widget-text-editor\" data-id=\"40ca087d\" data-element_type=\"widget\" data-widget_type=\"text-editor.default\">\n\t\t\t\t\t\t\t\t\t<p><span style=\"color: #fc7603; font-weight: 600;\">Resoluci\u00f3n 3374\/2000<\/span><\/p><p>Uno de los grandes cambios es el reporte de los registros individuales de prestaci\u00f3n de servicios (RIPS), mediante la resoluci\u00f3n 3374\/2000 se defini\u00f3 los RIPS como el conjunto de datos m\u00ednimos y b\u00e1sicos que el Sistema General de Seguridad Social en Salud requiere para los procesos de direcci\u00f3n, regulaci\u00f3n y control, y como soporte de la venta de servicio, cuya denominaci\u00f3n, estructura y caracter\u00edsticas se ha unificado y estandarizado para todas las entidades.<br \/>Hoy, 24 a\u00f1os despu\u00e9s evidenciamos que esa \u201cestandarizaci\u00f3n\u201d se ha ido perdiendo con el tiempo ya que cada pagador decidi\u00f3 tener sus propias reglas, por lo que las IPS extraen los RIPS de su software y hacen modificaciones manuales, un trabajo totalmente operativo donde se pierde la calidad de los datos y el prop\u00f3sito por el cual fue reglamentado fue sustituido por criterios propios de cada pagador.<\/p><p><span style=\"color: #fc7603; font-weight: 600;\">Resoluci\u00f3n 3374\/2000<\/span><\/p><p>El Ministerio de Salud y Protecci\u00f3n Social decide captar la informaci\u00f3n de la prestaci\u00f3n de los servicios con una metodolog\u00eda distinta, ya quedan atr\u00e1s los archivos planos que se reportaban a cada una de las EPS, ahora son las mismas IPS quienes deben reportar directamente al Ministerio.<br \/>Pero ese no es el \u00fanico cambio, con el fin de lograr esa estandarizaci\u00f3n el Ministerio de Salud reglament\u00f3 que los RIPS sean el soporte de la factura electr\u00f3nica de venta convirtiendo los RIPS en un documento tan significativo como la factura, ya que este soporte determina el flujo de caja, sin RIPS las entidades responsables de pago (ERP) no podr\u00e1n pagar esas facturas.<\/p><p><span style=\"color: #fc7603; font-weight: 600;\">Resoluci\u00f3n 3374\/2000<\/span><\/p><p>En este momento el mensaje es claro, no solamente debemos estar atentos a cumplir la norma, tambi\u00e9n es importante un cambio de consciencia hacia la transformaci\u00f3n digital. Cada funcionario que presta un servicio de salud debe estar involucrado en la gesti\u00f3n de la informaci\u00f3n, contar con el software y las herramientas para realizar modelos predictivos que permitan establecer hip\u00f3tesis y adoptar decisiones en salud.<br \/>Toda esta informaci\u00f3n est\u00e1 incluida en la facturaci\u00f3n electr\u00f3nica y en los RIPS, por lo tanto deben ser generados con informaci\u00f3n consistente, de la cual obtenemos estad\u00edsticas que nos permiten saber las mayores predisposiciones a enfermedades, conocer el perfil epidemiol\u00f3gico, de morbilidad y mortalidad del pa\u00eds, conocer cu\u00e1l es la demanda de servicios para una poblaci\u00f3n determinada, se asignen los recursos correspondientes y as\u00ed responder de manera integral y efectiva a las necesidades de salud de los colombianos.<\/p><p><span style=\"color: #fc7603; font-weight: 600;\">Resoluci\u00f3n 3374\/2000<\/span><\/p><p>El 1 de octubre del 2024 entr\u00f3 en vigencia la Resoluci\u00f3n 2275\/24. Transfiriendo ya se encuentra apoyando a las entidades que iniciaron la ejecuci\u00f3n de los RIPS, logrando la transmisi\u00f3n exitosa de estos al Ministerio de Salud, con el retorno del CUV.<br \/>En Transfiriendo creemos que la transformaci\u00f3n digital en el sector salud es esencial para mejorar la eficiencia operativa y\u00a0lograr mayor\u00a0calidad en la informaci\u00f3n.\u00a0Estamos con total disposici\u00f3n para apoyar el proceso de implementaci\u00f3n de la normatividad vigente, nuestro equipo comercial y de operaciones est\u00e1 atento para brindarte la asesor\u00eda que requieras e iniciar pruebas correspondientes, de forma oportuna.<\/p>\t\t\t\t\t\t\t\t<\/div>\n\t\t\t\t\t<\/div>\n\t\t\t\t<\/div>\n\t\t<div class=\"elementor-element elementor-element-2bd8acc4 e-flex e-con-boxed e-con e-parent\" data-id=\"2bd8acc4\" data-element_type=\"container\">\n\t\t\t\t\t<div class=\"e-con-inner\">\n\t\t\t\t<div class=\"elementor-element elementor-element-3abda4cd elementor-widget elementor-widget-text-editor\" data-id=\"3abda4cd\" data-element_type=\"widget\" data-widget_type=\"text-editor.default\">\n\t\t\t\t\t\t\t\t\t<p><strong style=\"font-size: 28px;\">Viviana Tayak<\/strong><\/p><p><span style=\"color: #fc7603;\">L\u00edder Consultor de Salud<\/span><\/p>\t\t\t\t\t\t\t\t<\/div>\n\t\t\t\t\t<\/div>\n\t\t\t\t<\/div>\n\t\t<div class=\"elementor-element elementor-element-21d72b9e e-flex e-con-boxed e-con e-parent\" data-id=\"21d72b9e\" data-element_type=\"container\">\n\t\t\t\t\t<div class=\"e-con-inner\">\n\t\t\t\t\t<\/div>\n\t\t\t\t<\/div>\n\t\t\t\t<\/div>\n\t\t","protected":false},"excerpt":{"rendered":"<p>Transformaci\u00f3n Digital del Sector Salud Transformaci\u00f3n Digital del Sector Salud El sector salud se encuentra en un momento de transici\u00f3n donde la tecnolog\u00eda es la responsable en generar grandes cambios y las personas involucradas deben participar en esta transformaci\u00f3n digital.\u00a0 Resoluci\u00f3n 3374\/2000 Uno de los grandes cambios es el reporte de los registros individuales de [&hellip;]<\/p>\n","protected":false},"author":1,"featured_media":0,"parent":0,"menu_order":0,"comment_status":"closed","ping_status":"closed","template":"elementor_header_footer","meta":{"footnotes":""},"class_list":["post-4034","page","type-page","status-publish","hentry"],"_links":{"self":[{"href":"https:\/\/www.transfiriendo.com\/index.php\/wp-json\/wp\/v2\/pages\/4034","targetHints":{"allow":["GET"]}}],"collection":[{"href":"https:\/\/www.transfiriendo.com\/index.php\/wp-json\/wp\/v2\/pages"}],"about":[{"href":"https:\/\/www.transfiriendo.com\/index.php\/wp-json\/wp\/v2\/types\/page"}],"author":[{"embeddable":true,"href":"https:\/\/www.transfiriendo.com\/index.php\/wp-json\/wp\/v2\/users\/1"}],"replies":[{"embeddable":true,"href":"https:\/\/www.transfiriendo.com\/index.php\/wp-json\/wp\/v2\/comments?post=4034"}],"version-history":[{"count":18,"href":"https:\/\/www.transfiriendo.com\/index.php\/wp-json\/wp\/v2\/pages\/4034\/revisions"}],"predecessor-version":[{"id":5961,"href":"https:\/\/www.transfiriendo.com\/index.php\/wp-json\/wp\/v2\/pages\/4034\/revisions\/5961"}],"wp:attachment":[{"href":"https:\/\/www.transfiriendo.com\/index.php\/wp-json\/wp\/v2\/media?parent=4034"}],"curies":[{"name":"wp","href":"https:\/\/api.w.org\/{rel}","templated":true}]}}